{"id":197,"date":"2025-11-06T18:15:43","date_gmt":"2025-11-06T21:15:43","guid":{"rendered":"https:\/\/sintari.com.br\/?page_id=197"},"modified":"2025-11-06T18:27:02","modified_gmt":"2025-11-06T21:27:02","slug":"catalogo-completo","status":"publish","type":"page","link":"https:\/\/sintari.com.br\/index.php\/catalogo-completo\/","title":{"rendered":"Cat\u00e1logo Completo"},"content":{"rendered":"\t\t<div data-elementor-type=\"wp-page\" data-elementor-id=\"197\" class=\"elementor elementor-197\" data-elementor-post-type=\"page\">\n\t\t\t\t<div class=\"elementor-element elementor-element-58fb3ff e-flex e-con-boxed e-con e-parent\" data-id=\"58fb3ff\" data-element_type=\"container\" data-e-type=\"container\">\n\t\t\t\t\t<div class=\"e-con-inner\">\n\t\t\t\t<div class=\"elementor-element elementor-element-a86fb32 elementor-widget elementor-widget-spacer\" data-id=\"a86fb32\" data-element_type=\"widget\" data-e-type=\"widget\" data-widget_type=\"spacer.default\">\n\t\t\t\t\t\t\t<div class=\"elementor-spacer\">\n\t\t\t<div class=\"elementor-spacer-inner\"><\/div>\n\t\t<\/div>\n\t\t\t\t\t\t<\/div>\n\t\t\t\t<div class=\"elementor-element elementor-element-7114955 elementor-widget elementor-widget-heading\" data-id=\"7114955\" data-element_type=\"widget\" data-e-type=\"widget\" data-widget_type=\"heading.default\">\n\t\t\t\t\t<h2 class=\"elementor-heading-title elementor-size-default\">Cat\u00e1logo Completo<\/h2>\t\t\t\t<\/div>\n\t\t\t\t<div class=\"elementor-element elementor-element-b70df1d elementor-widget elementor-widget-spacer\" data-id=\"b70df1d\" data-element_type=\"widget\" data-e-type=\"widget\" data-widget_type=\"spacer.default\">\n\t\t\t\t\t\t\t<div class=\"elementor-spacer\">\n\t\t\t<div class=\"elementor-spacer-inner\"><\/div>\n\t\t<\/div>\n\t\t\t\t\t\t<\/div>\n\t\t\t\t<div class=\"elementor-element elementor-element-c7205f7 elementor-grid-4 elementor-grid-tablet-3 elementor-grid-mobile-2 elementor-products-grid elementor-wc-products elementor-widget elementor-widget-woocommerce-products\" data-id=\"c7205f7\" data-element_type=\"widget\" data-e-type=\"widget\" data-widget_type=\"woocommerce-products.default\">\n\t\t\t\t<div class=\"elementor-widget-container\">\n\t\t\t\t\t<div class=\"woocommerce columns-4 \"><ul class=\"products elementor-grid columns-4\">\n<li class=\"product type-product post-114 status-publish first instock product_cat-bebida has-post-thumbnail sale taxable shipping-taxable purchasable product-type-simple\">\n\t<a href=\"https:\/\/sintari.com.br\/index.php\/produto\/refrigerante\/\" class=\"woocommerce-LoopProduct-link woocommerce-loop-product__link\">\n\t<span class=\"onsale\">Oferta!<\/span>\n\t<img fetchpriority=\"high\" decoding=\"async\" width=\"300\" height=\"300\" src=\"https:\/\/sintari.com.br\/wp-content\/uploads\/2025\/10\/Refrigerante.png\" class=\"attachment-woocommerce_thumbnail size-woocommerce_thumbnail\" alt=\"Refrigerante\" \/><h2 class=\"woocommerce-loop-product__title\">Refrigerante<\/h2>\n\t<span class=\"price\"><del aria-hidden=\"true\"><span class=\"woocommerce-Price-amount amount\"><bdi><span class=\"woocommerce-Price-currencySymbol\">&#82;&#36;<\/span>&nbsp;6,99<\/bdi><\/span><\/del> <span class=\"screen-reader-text\">O pre\u00e7o original era: &#082;&#036;&nbsp;6,99.<\/span><ins aria-hidden=\"true\"><span class=\"woocommerce-Price-amount amount\"><bdi><span class=\"woocommerce-Price-currencySymbol\">&#82;&#36;<\/span>&nbsp;6,00<\/bdi><\/span><\/ins><span class=\"screen-reader-text\">O pre\u00e7o atual \u00e9: &#082;&#036;&nbsp;6,00.<\/span><\/span>\n<\/a><a href=\"\/index.php\/wp-json\/wp\/v2\/pages\/197?add-to-cart=114\" aria-describedby=\"woocommerce_loop_add_to_cart_link_describedby_114\" data-quantity=\"1\" class=\"button product_type_simple add_to_cart_button ajax_add_to_cart\" data-product_id=\"114\" data-product_sku=\"\" aria-label=\"Adicione ao carrinho: &ldquo;Refrigerante&rdquo;\" rel=\"nofollow\" data-success_message=\"\u201cRefrigerante\u201d foi adicionado ao seu carrinho\" role=\"button\">Adicionar ao carrinho<\/a>\t<span id=\"woocommerce_loop_add_to_cart_link_describedby_114\" class=\"screen-reader-text\">\n\t\t\t<\/span>\n<\/li>\n<li class=\"product type-product post-112 status-publish instock product_cat-bebida has-post-thumbnail taxable shipping-taxable purchasable product-type-simple\">\n\t<a href=\"https:\/\/sintari.com.br\/index.php\/produto\/agua\/\" class=\"woocommerce-LoopProduct-link woocommerce-loop-product__link\"><img decoding=\"async\" width=\"300\" height=\"300\" src=\"https:\/\/sintari.com.br\/wp-content\/uploads\/2025\/10\/Water.png\" class=\"attachment-woocommerce_thumbnail size-woocommerce_thumbnail\" alt=\"\u00c1gua\" \/><h2 class=\"woocommerce-loop-product__title\">\u00c1gua<\/h2>\n\t<span class=\"price\"><span class=\"woocommerce-Price-amount amount\"><bdi><span class=\"woocommerce-Price-currencySymbol\">&#82;&#36;<\/span>&nbsp;3,99<\/bdi><\/span><\/span>\n<\/a><a href=\"\/index.php\/wp-json\/wp\/v2\/pages\/197?add-to-cart=112\" aria-describedby=\"woocommerce_loop_add_to_cart_link_describedby_112\" data-quantity=\"1\" class=\"button product_type_simple add_to_cart_button ajax_add_to_cart\" data-product_id=\"112\" data-product_sku=\"\" aria-label=\"Adicione ao carrinho: &ldquo;\u00c1gua&rdquo;\" rel=\"nofollow\" data-success_message=\"\u201c\u00c1gua\u201d foi adicionado ao seu carrinho\" role=\"button\">Adicionar ao carrinho<\/a>\t<span id=\"woocommerce_loop_add_to_cart_link_describedby_112\" class=\"screen-reader-text\">\n\t\t\t<\/span>\n<\/li>\n<li class=\"product type-product post-110 status-publish instock product_cat-cupcake product_cat-veganos has-post-thumbnail sale taxable shipping-taxable purchasable product-type-simple\">\n\t<a href=\"https:\/\/sintari.com.br\/index.php\/produto\/cupcake-lemon\/\" class=\"woocommerce-LoopProduct-link woocommerce-loop-product__link\">\n\t<span class=\"onsale\">Oferta!<\/span>\n\t<img decoding=\"async\" width=\"300\" height=\"300\" src=\"https:\/\/sintari.com.br\/wp-content\/uploads\/2025\/10\/Lemon.png\" class=\"attachment-woocommerce_thumbnail size-woocommerce_thumbnail\" alt=\"Lemon\" \/><h2 class=\"woocommerce-loop-product__title\">Lemon<\/h2>\n\t<span class=\"price\"><del aria-hidden=\"true\"><span class=\"woocommerce-Price-amount amount\"><bdi><span class=\"woocommerce-Price-currencySymbol\">&#82;&#36;<\/span>&nbsp;9,99<\/bdi><\/span><\/del> <span class=\"screen-reader-text\">O pre\u00e7o original era: &#082;&#036;&nbsp;9,99.<\/span><ins aria-hidden=\"true\"><span class=\"woocommerce-Price-amount amount\"><bdi><span class=\"woocommerce-Price-currencySymbol\">&#82;&#36;<\/span>&nbsp;7,00<\/bdi><\/span><\/ins><span class=\"screen-reader-text\">O pre\u00e7o atual \u00e9: &#082;&#036;&nbsp;7,00.<\/span><\/span>\n<\/a><a href=\"\/index.php\/wp-json\/wp\/v2\/pages\/197?add-to-cart=110\" aria-describedby=\"woocommerce_loop_add_to_cart_link_describedby_110\" data-quantity=\"1\" class=\"button product_type_simple add_to_cart_button ajax_add_to_cart\" data-product_id=\"110\" data-product_sku=\"\" aria-label=\"Adicione ao carrinho: &ldquo;Lemon&rdquo;\" rel=\"nofollow\" data-success_message=\"\u201cLemon\u201d foi adicionado ao seu carrinho\" role=\"button\">Adicionar ao carrinho<\/a>\t<span id=\"woocommerce_loop_add_to_cart_link_describedby_110\" class=\"screen-reader-text\">\n\t\t\t<\/span>\n<\/li>\n<li class=\"product type-product post-108 status-publish last instock product_cat-cupcake product_cat-especiais has-post-thumbnail taxable shipping-taxable purchasable product-type-simple\">\n\t<a href=\"https:\/\/sintari.com.br\/index.php\/produto\/cupcake-blueberry\/\" class=\"woocommerce-LoopProduct-link woocommerce-loop-product__link\"><img loading=\"lazy\" decoding=\"async\" width=\"300\" height=\"300\" src=\"https:\/\/sintari.com.br\/wp-content\/uploads\/2025\/10\/BlueBerry.png\" class=\"attachment-woocommerce_thumbnail size-woocommerce_thumbnail\" alt=\"BlueBerry\" \/><h2 class=\"woocommerce-loop-product__title\">BlueBerry<\/h2>\n\t<span class=\"price\"><span class=\"woocommerce-Price-amount amount\"><bdi><span class=\"woocommerce-Price-currencySymbol\">&#82;&#36;<\/span>&nbsp;9,99<\/bdi><\/span><\/span>\n<\/a><a href=\"\/index.php\/wp-json\/wp\/v2\/pages\/197?add-to-cart=108\" aria-describedby=\"woocommerce_loop_add_to_cart_link_describedby_108\" data-quantity=\"1\" class=\"button product_type_simple add_to_cart_button ajax_add_to_cart\" data-product_id=\"108\" data-product_sku=\"\" aria-label=\"Adicione ao carrinho: &ldquo;BlueBerry&rdquo;\" rel=\"nofollow\" data-success_message=\"\u201cBlueBerry\u201d foi adicionado ao seu carrinho\" role=\"button\">Adicionar ao carrinho<\/a>\t<span id=\"woocommerce_loop_add_to_cart_link_describedby_108\" class=\"screen-reader-text\">\n\t\t\t<\/span>\n<\/li>\n<li class=\"product type-product post-106 status-publish first instock product_cat-cupcake product_cat-tradicionais has-post-thumbnail sale taxable shipping-taxable purchasable product-type-simple\">\n\t<a href=\"https:\/\/sintari.com.br\/index.php\/produto\/cupcake-chocolate\/\" class=\"woocommerce-LoopProduct-link woocommerce-loop-product__link\">\n\t<span class=\"onsale\">Oferta!<\/span>\n\t<img loading=\"lazy\" decoding=\"async\" width=\"300\" height=\"300\" src=\"https:\/\/sintari.com.br\/wp-content\/uploads\/2025\/10\/Chocolate.png\" class=\"attachment-woocommerce_thumbnail size-woocommerce_thumbnail\" alt=\"Chocolate\" \/><h2 class=\"woocommerce-loop-product__title\">Chocolate<\/h2>\n\t<span class=\"price\"><del aria-hidden=\"true\"><span class=\"woocommerce-Price-amount amount\"><bdi><span class=\"woocommerce-Price-currencySymbol\">&#82;&#36;<\/span>&nbsp;9,99<\/bdi><\/span><\/del> <span class=\"screen-reader-text\">O pre\u00e7o original era: &#082;&#036;&nbsp;9,99.<\/span><ins aria-hidden=\"true\"><span class=\"woocommerce-Price-amount amount\"><bdi><span class=\"woocommerce-Price-currencySymbol\">&#82;&#36;<\/span>&nbsp;7,00<\/bdi><\/span><\/ins><span class=\"screen-reader-text\">O pre\u00e7o atual \u00e9: &#082;&#036;&nbsp;7,00.<\/span><\/span>\n<\/a><a href=\"\/index.php\/wp-json\/wp\/v2\/pages\/197?add-to-cart=106\" aria-describedby=\"woocommerce_loop_add_to_cart_link_describedby_106\" data-quantity=\"1\" class=\"button product_type_simple add_to_cart_button ajax_add_to_cart\" data-product_id=\"106\" data-product_sku=\"\" aria-label=\"Adicione ao carrinho: &ldquo;Chocolate&rdquo;\" rel=\"nofollow\" data-success_message=\"\u201cChocolate\u201d foi adicionado ao seu carrinho\" role=\"button\">Adicionar ao carrinho<\/a>\t<span id=\"woocommerce_loop_add_to_cart_link_describedby_106\" class=\"screen-reader-text\">\n\t\t\t<\/span>\n<\/li>\n<li class=\"product type-product post-104 status-publish instock product_cat-cupcake product_cat-especiais has-post-thumbnail taxable shipping-taxable purchasable product-type-simple\">\n\t<a href=\"https:\/\/sintari.com.br\/index.php\/produto\/cupcake-redvelvet\/\" class=\"woocommerce-LoopProduct-link woocommerce-loop-product__link\"><img loading=\"lazy\" decoding=\"async\" width=\"300\" height=\"300\" src=\"https:\/\/sintari.com.br\/wp-content\/uploads\/2025\/10\/RedVelvet.png\" class=\"attachment-woocommerce_thumbnail size-woocommerce_thumbnail\" alt=\"Red Velvet\" \/><h2 class=\"woocommerce-loop-product__title\">Red Velvet<\/h2>\n\t<span class=\"price\"><span class=\"woocommerce-Price-amount amount\"><bdi><span class=\"woocommerce-Price-currencySymbol\">&#82;&#36;<\/span>&nbsp;9,99<\/bdi><\/span><\/span>\n<\/a><a href=\"\/index.php\/wp-json\/wp\/v2\/pages\/197?add-to-cart=104\" aria-describedby=\"woocommerce_loop_add_to_cart_link_describedby_104\" data-quantity=\"1\" class=\"button product_type_simple add_to_cart_button ajax_add_to_cart\" data-product_id=\"104\" data-product_sku=\"\" aria-label=\"Adicione ao carrinho: &ldquo;Red Velvet&rdquo;\" rel=\"nofollow\" data-success_message=\"\u201cRed Velvet\u201d foi adicionado ao seu carrinho\" role=\"button\">Adicionar ao carrinho<\/a>\t<span id=\"woocommerce_loop_add_to_cart_link_describedby_104\" class=\"screen-reader-text\">\n\t\t\t<\/span>\n<\/li>\n<\/ul>\n<\/div>\t\t\t\t<\/div>\n\t\t\t\t<\/div>\n\t\t\t\t\t<\/div>\n\t\t\t\t<\/div>\n\t\t\t\t<\/div>\n\t\t","protected":false},"excerpt":{"rendered":"<p>Cat\u00e1logo Completo<\/p>\n","protected":false},"author":1,"featured_media":0,"parent":0,"menu_order":0,"comment_status":"closed","ping_status":"closed","template":"","meta":{"footnotes":""},"class_list":["post-197","page","type-page","status-publish","hentry"],"yoast_head":"<!-- This site is optimized with the Yoast SEO plugin v27.4 - https:\/\/yoast.com\/product\/yoast-seo-wordpress\/ -->\n<title>Cat\u00e1logo Completo - A\u00e7\u00facar e Canela<\/title>\n<meta name=\"robots\" content=\"noindex, follow, max-snippet:-1, max-image-preview:large, max-video-preview:-1\" \/>\n<meta property=\"og:locale\" content=\"pt_BR\" \/>\n<meta property=\"og:type\" content=\"article\" \/>\n<meta property=\"og:title\" content=\"Cat\u00e1logo Completo - A\u00e7\u00facar e Canela\" \/>\n<meta property=\"og:description\" content=\"Cat\u00e1logo Completo\" \/>\n<meta property=\"og:url\" content=\"https:\/\/sintari.com.br\/index.php\/catalogo-completo\/\" \/>\n<meta property=\"og:site_name\" content=\"A\u00e7\u00facar e Canela\" \/>\n<meta property=\"article:modified_time\" content=\"2025-11-06T21:27:02+00:00\" \/>\n<meta name=\"twitter:card\" content=\"summary_large_image\" \/>\n<meta name=\"twitter:label1\" content=\"Est. tempo de leitura\" \/>\n\t<meta name=\"twitter:data1\" content=\"2 minutos\" \/>\n<script type=\"application\/ld+json\" class=\"yoast-schema-graph\">{\"@context\":\"https:\\\/\\\/schema.org\",\"@graph\":[{\"@type\":\"WebPage\",\"@id\":\"https:\\\/\\\/sintari.com.br\\\/index.php\\\/catalogo-completo\\\/\",\"url\":\"https:\\\/\\\/sintari.com.br\\\/index.php\\\/catalogo-completo\\\/\",\"name\":\"Cat\u00e1logo Completo - A\u00e7\u00facar e Canela\",\"isPartOf\":{\"@id\":\"https:\\\/\\\/sintari.com.br\\\/#website\"},\"datePublished\":\"2025-11-06T21:15:43+00:00\",\"dateModified\":\"2025-11-06T21:27:02+00:00\",\"breadcrumb\":{\"@id\":\"https:\\\/\\\/sintari.com.br\\\/index.php\\\/catalogo-completo\\\/#breadcrumb\"},\"inLanguage\":\"pt-BR\",\"potentialAction\":[{\"@type\":\"ReadAction\",\"target\":[\"https:\\\/\\\/sintari.com.br\\\/index.php\\\/catalogo-completo\\\/\"]}]},{\"@type\":\"BreadcrumbList\",\"@id\":\"https:\\\/\\\/sintari.com.br\\\/index.php\\\/catalogo-completo\\\/#breadcrumb\",\"itemListElement\":[{\"@type\":\"ListItem\",\"position\":1,\"name\":\"In\u00edcio\",\"item\":\"https:\\\/\\\/sintari.com.br\\\/\"},{\"@type\":\"ListItem\",\"position\":2,\"name\":\"Cat\u00e1logo Completo\"}]},{\"@type\":\"WebSite\",\"@id\":\"https:\\\/\\\/sintari.com.br\\\/#website\",\"url\":\"https:\\\/\\\/sintari.com.br\\\/\",\"name\":\"A\u00e7\u00facar e Canela\",\"description\":\"\",\"publisher\":{\"@id\":\"https:\\\/\\\/sintari.com.br\\\/#organization\"},\"potentialAction\":[{\"@type\":\"SearchAction\",\"target\":{\"@type\":\"EntryPoint\",\"urlTemplate\":\"https:\\\/\\\/sintari.com.br\\\/?s={search_term_string}\"},\"query-input\":{\"@type\":\"PropertyValueSpecification\",\"valueRequired\":true,\"valueName\":\"search_term_string\"}}],\"inLanguage\":\"pt-BR\"},{\"@type\":\"Organization\",\"@id\":\"https:\\\/\\\/sintari.com.br\\\/#organization\",\"name\":\"A\u00e7\u00facar e Canela\",\"url\":\"https:\\\/\\\/sintari.com.br\\\/\",\"logo\":{\"@type\":\"ImageObject\",\"inLanguage\":\"pt-BR\",\"@id\":\"https:\\\/\\\/sintari.com.br\\\/#\\\/schema\\\/logo\\\/image\\\/\",\"url\":\"https:\\\/\\\/sintari.com.br\\\/wp-content\\\/uploads\\\/2025\\\/09\\\/Property-1Light_Logo.png\",\"contentUrl\":\"https:\\\/\\\/sintari.com.br\\\/wp-content\\\/uploads\\\/2025\\\/09\\\/Property-1Light_Logo.png\",\"width\":238,\"height\":238,\"caption\":\"A\u00e7\u00facar e Canela\"},\"image\":{\"@id\":\"https:\\\/\\\/sintari.com.br\\\/#\\\/schema\\\/logo\\\/image\\\/\"}}]}<\/script>\n<!-- \/ Yoast SEO plugin. -->","yoast_head_json":{"title":"Cat\u00e1logo Completo - A\u00e7\u00facar e Canela","robots":{"index":"noindex","follow":"follow","max-snippet":"max-snippet:-1","max-image-preview":"max-image-preview:large","max-video-preview":"max-video-preview:-1"},"og_locale":"pt_BR","og_type":"article","og_title":"Cat\u00e1logo Completo - A\u00e7\u00facar e Canela","og_description":"Cat\u00e1logo Completo","og_url":"https:\/\/sintari.com.br\/index.php\/catalogo-completo\/","og_site_name":"A\u00e7\u00facar e Canela","article_modified_time":"2025-11-06T21:27:02+00:00","twitter_card":"summary_large_image","twitter_misc":{"Est. tempo de leitura":"2 minutos"},"schema":{"@context":"https:\/\/schema.org","@graph":[{"@type":"WebPage","@id":"https:\/\/sintari.com.br\/index.php\/catalogo-completo\/","url":"https:\/\/sintari.com.br\/index.php\/catalogo-completo\/","name":"Cat\u00e1logo Completo - A\u00e7\u00facar e Canela","isPartOf":{"@id":"https:\/\/sintari.com.br\/#website"},"datePublished":"2025-11-06T21:15:43+00:00","dateModified":"2025-11-06T21:27:02+00:00","breadcrumb":{"@id":"https:\/\/sintari.com.br\/index.php\/catalogo-completo\/#breadcrumb"},"inLanguage":"pt-BR","potentialAction":[{"@type":"ReadAction","target":["https:\/\/sintari.com.br\/index.php\/catalogo-completo\/"]}]},{"@type":"BreadcrumbList","@id":"https:\/\/sintari.com.br\/index.php\/catalogo-completo\/#breadcrumb","itemListElement":[{"@type":"ListItem","position":1,"name":"In\u00edcio","item":"https:\/\/sintari.com.br\/"},{"@type":"ListItem","position":2,"name":"Cat\u00e1logo Completo"}]},{"@type":"WebSite","@id":"https:\/\/sintari.com.br\/#website","url":"https:\/\/sintari.com.br\/","name":"A\u00e7\u00facar e Canela","description":"","publisher":{"@id":"https:\/\/sintari.com.br\/#organization"},"potentialAction":[{"@type":"SearchAction","target":{"@type":"EntryPoint","urlTemplate":"https:\/\/sintari.com.br\/?s={search_term_string}"},"query-input":{"@type":"PropertyValueSpecification","valueRequired":true,"valueName":"search_term_string"}}],"inLanguage":"pt-BR"},{"@type":"Organization","@id":"https:\/\/sintari.com.br\/#organization","name":"A\u00e7\u00facar e Canela","url":"https:\/\/sintari.com.br\/","logo":{"@type":"ImageObject","inLanguage":"pt-BR","@id":"https:\/\/sintari.com.br\/#\/schema\/logo\/image\/","url":"https:\/\/sintari.com.br\/wp-content\/uploads\/2025\/09\/Property-1Light_Logo.png","contentUrl":"https:\/\/sintari.com.br\/wp-content\/uploads\/2025\/09\/Property-1Light_Logo.png","width":238,"height":238,"caption":"A\u00e7\u00facar e Canela"},"image":{"@id":"https:\/\/sintari.com.br\/#\/schema\/logo\/image\/"}}]}},"_links":{"self":[{"href":"https:\/\/sintari.com.br\/index.php\/wp-json\/wp\/v2\/pages\/197","targetHints":{"allow":["GET"]}}],"collection":[{"href":"https:\/\/sintari.com.br\/index.php\/wp-json\/wp\/v2\/pages"}],"about":[{"href":"https:\/\/sintari.com.br\/index.php\/wp-json\/wp\/v2\/types\/page"}],"author":[{"embeddable":true,"href":"https:\/\/sintari.com.br\/index.php\/wp-json\/wp\/v2\/users\/1"}],"replies":[{"embeddable":true,"href":"https:\/\/sintari.com.br\/index.php\/wp-json\/wp\/v2\/comments?post=197"}],"version-history":[{"count":10,"href":"https:\/\/sintari.com.br\/index.php\/wp-json\/wp\/v2\/pages\/197\/revisions"}],"predecessor-version":[{"id":215,"href":"https:\/\/sintari.com.br\/index.php\/wp-json\/wp\/v2\/pages\/197\/revisions\/215"}],"wp:attachment":[{"href":"https:\/\/sintari.com.br\/index.php\/wp-json\/wp\/v2\/media?parent=197"}],"curies":[{"name":"wp","href":"https:\/\/api.w.org\/{rel}","templated":true}]}}